
In base 9, what is -231 + -3183126?
-3183357
In base 4, what is 3303 + -1132111?
-1122202
In base 11, what is 5817 - -851?
6568
In base 7, what is -51025233 + -3?
-51025236
In base 15, what is -3a5 + -6232?
-65d7
In base 11, what is 3 - -5369862?
5369865
In base 5, what is -122 - 113002130?
-113002302
In base 14, what is 472 + -85c?
-3ca
In base 12, what is 334 + -8045?
-7911
In base 16, what is 2 - ef20a6?
-ef20a4
In base 2, what is -1011011111 + 100010111110101100?
100010110011001101
In base 4, what is -10 - -1320213121320?
1320213121310
In base 13, what is 2770 - -1698?
4138
In base 11, what is 15 - -1570772?
1570787
In base 6, what is 2 + -2440100?
-2440054
In base 11, what is 6667379 + -aa?
666727a
In base 4, what is -11 - -31010001032?
31010001021
In base 6, what is -123 + 23033055?
23032532
In base 11, what is -254 + 71a36?
71792
In base 12, what is -27 - 3b4b98?
-3b5003
In base 7, what is 1534 - -236600?
241434
In base 13, what is 325 + 6436?
675b
In base 14, what is 116 + -2c0366?
-2c0250
In base 11, what is 3 + 202413030?
202413033
In base 16, what is 1454659 + 3?
145465c
In base 13, what is 1486aba5 + -4?
1486aba1
In base 4, what is 2301 + -13110211?
-13101310
In base 12, what is 922a289 - -2?
922a28b
In base 15, what is -4c6ca + a14?
-4bbb6
In base 7, what is -5653 - 1221322?
-1230305
In base 9, what is -2263 + 3736?
1463
In base 12, what is -1066 - -119a?
134
In base 5, what is -1014320433 + 1?
-1014320432
In base 6, what is 1104 + -431011?
-425503
In base 3, what is 101 - -2020212102211?
2020212110012
In base 4, what is -3312322 - -30121?
-3222201
In base 12, what is 2a + -678668?
-67863a
In base 10, what is -64 + 6959680?
6959616
In base 15, what is -2 - 12a3a8?
-12a3aa
In base 16, what is -12 - 155bb2f?
-155bb41
In base 2, what is 11110111100100 + 110001001110101?
1010000001011001
In base 14, what is 88dad5 - 1?
88dad4
In base 11, what is -1677a - -217?
-16563
In base 9, what is 0 + 117004164?
117004164
In base 10, what is 834 + -4752?
-3918
In base 6, what is 11331 - 3540?
3351
In base 8, what is 1 - -336024762?
336024763
In base 10, what is 57234874 + 4?
57234878
In base 7, what is 2350411 - 31?
2350350
In base 2, what is -1100011001110100 + -1101010?
-1100011011011110
In base 7, what is 10212653636 - -3?
10212653642
In base 6, what is 232411 + 1114?
233525
In base 8, what is -174 + -205356?
-205552
In base 7, what is -66162036 + -5?
-66162044
In base 11, what is -7355 - -476?
-698a
In base 7, what is 4 + 2621304604?
2621304611
In base 8, what is 270504 - 770?
267514
In base 11, what is -17 + -1793a46?
-1793a62
In base 4, what is 30230 + -12302220?
-12211330
In base 2, what is 1011101111 + 1011111110001001?
1100001001111000
In base 3, what is 1012022020212210 - 201?
1012022020212002
In base 4, what is 100 - -3300330321?
3300331021
In base 10, what is -12 + 1125857?
1125845
In base 12, what is -25 + ab90aa?
ab9085
In base 7, what is -6261244 + -12?
-6261256
In base 12, what is 12 + -120a657?
-120a645
In base 14, what is -4 - -11052a62?
11052a5c
In base 14, what is 10 - 482b7?
-482a7
In base 7, what is 60 - 1222060?
-1222000
In base 8, what is -4426036 + 14?
-4426022
In base 11, what is -1 + -4902621?
-4902622
In base 15, what is -6216de + -1?
-6216e0
In base 3, what is 101200221221 + 1111?
101201000102
In base 4, what is -20120320120 - 112?
-20120320232
In base 2, what is 111000011 + -1001000001010110110?
-1001000000011110011
In base 7, what is 0 - 122011023?
-122011023
In base 11, what is -94623187 - 2?
-94623189
In base 2, what is -1000101100101000011100 - 11?
-1000101100101000011111
In base 8, what is -1002 + -17302?
-20304
In base 6, what is -2141320 + -3253?
-2145013
In base 8, what is 212412632 - -4?
212412636
In base 15, what is 2a7bc62 - 4?
2a7bc5d
In base 6, what is 2524554 + 144?
2525142
In base 3, what is 1122 - -2202220202?
2202222101
In base 8, what is 5 - -711351772?
711351777
In base 15, what is 36d - -4220?
458d
In base 7, what is 3255036004 - -4?
3255036011
In base 2, what is -11111101011 - 10001100101010101101?
-10001101001010011000
In base 4, what is -22202 - -20121111002?
20121022200
In base 12, what is -533 - 12449?
-12980
In base 8, what is -116032407 + 11?
-116032376
In base 10, what is 27671 - -1743?
29414
In base 8, what is 2 + 3212336?
3212340
In base 8, what is -37473524 - 4?
-37473530
In base 4, what is -2010 - -12213330?
12211320
In base 11, what is -12019070 + 4?
-12019067
In base 8, what is 7653522 + 1?
7653523
In base 4, what is 1111 - -11132023220?
11132030331
In base 5, what is -101221311042 - -2?
-101221311040
In base 6, what is -23 - -21104534?
21104511
In base 4, what is 11 - -13133202101031?
13133202101102
In base 7, what is 26 + -163153?
-163124
In base 5, what is 30413212 + -20230?
30342432
In base 15, what is 4d - 36ba02?
-36b9a4
In base 8, what is 461 - 71605?
-71124
In base 6, what is 32514 - -1045401?
1122315
In base 8, what is -26200 + 6306?
-17672
In base 11, what is -a785301 + 2?
-a7852aa
In base 8, what is -1064 + 73721?
72635
In base 2, what is -1100111 + 1101111000111110010?
1101111000110001011
In base 13, what is -4 - -4b03817?
4b03813
In base 8, what is -72567 - 4352?
-77141
In base 12, what is 62a1a - 745?
62295
In base 5, what is 224024022033 + -2?
224024022031
In base 3, what is -12000121211021 - 100?
-12000121211121
In base 8, what is -46 - 102360?
-102426
In base 14, what is 495a - -6a8?
5224
In base 11, what is -3 + -14829438?
-14829440
In base 4, what is -310333331132 - -2?
-310333331130
In base 7, what is 460542 - 2644?
454565
In base 11, what is -84a + -4979?
-5718
In base 7, what is 266010 - -5236?
304246
In base 12, what is -598 - -16742?
16166
In base 16, what is -6 + 43f4aa?
43f4a4
In base 9, what is 37 + 11888?
12036
In base 16, what is -1f9 - 10cbf?
-10eb8
In base 12, what is -2579660 + -4?
-2579664
In base 11, what is 141 - a2759?
-a2618
In base 6, what is -114512 + -220431?
-335343
In base 12, what is 5b + -90408aa?
-904084b
In base 8, what is 5 - -427003267?
427003274
In base 16, what is -5 - 331080?
-331085
In base 13, what is -23 + 12ba44?
12ba21
In base 16, what is 421b + 1b79?
5d94
In base 16, what is -5c7 - -b8?
-50f
In base 11, what is -a759844 + -14?
-a759858
In base 16, what is -1d0f91 + 109?
-1d0e88
In base 2, what is 1000001111 - -111011100011001101000?
111011100100001110111
In base 9, what is -1058247 + -43?
-1058301
In base 11, what is -3a + 552435?
5523a6
In base 12, what is 2 + 513685?
513687
In base 5, what is 3 + 322220310213?
322220310221
In base 6, what is 14525343 + -111?
14525232
In base 12, what is 11aa857a - 8?
11aa8572
In base 6, what is 102330 + 2145?
104515
In base 12, what is -3a0 - 2485b9?
-248999
In base 11, what is -5 - -304363a?
3043635
In base 15, what is -5 - 12817d8?
-12817dd
In base 11, what is -42 - -436012?
435a80
In base 8, what is 33544 - -126?
33672
In base 10, what is 4669 - -11376?
16045
In base 11, what is 176a15a2 - 4?
176a1599
In base 16, what is -19 + -4d5f97?
-4d5fb0
In base 5, what is -1001 + 11330440?
11324434
In base 10, what is -47 + 627837?
627790
In base 16, what is 13d2b + -31e9?
10b42
In base 15, what is 116 + 2488e?
249a5
In base 15, what is -16 + 554dc?
554c6
In base 11, what is 26 + -4a31133?
-4a31108
In base 11, what is 347 - -47341?
47688
In base 5, what is 441222441 + 11?
441223002
In base 6, what is 10 + 10125131010?
10125131020
In base 7, what is 30036623 - -5?
30036631
In base 14, what is cc - -301bc2?
301cb0
In base 9, what is 4 - 276612122?
-276612117
In base 14, what is c43a0 - -4?
c43a4
In base 9, what is 2017 - 1134?
773
In base 4, what is 23 - -220122202132?
220122202221
In base 12, what is -301279 + 2?
-301277
In base 2, what is 101 + -11110101110101010001101?
-11110101110101010001000
In base 16, what is -4 - -d525f6?
d525f2
In base 6, what is -511032512 + 20?
-511032452
In base 6, what is -405114 - -2323?
-402351
In base 11, what is 94 - -1770433?
1770517
In base 14, what is 26c48c - 6?
26c486
In base 15, what is -2 + -52cdc99?
-52cdc9b
In base 6, what is 323210553 - -50?
323211043
In base 10, what is -455679 - -14?
-455665
In base 5, what is 114402 + 2020333?
2140240
In base 14, what is -5 - 5733c45?
-5733c4a
In base 13, what is 1 - 24ab4719?
-24ab4718
In base 7, what is -2561166 +